{"id":12604,"date":"2022-03-04T16:58:25","date_gmt":"2022-03-04T16:58:25","guid":{"rendered":"https:\/\/milexia.com.marcom-test.net\/products\/?page_id=12604"},"modified":"2025-07-23T12:29:35","modified_gmt":"2025-07-23T12:29:35","slug":"productos","status":"publish","type":"page","link":"https:\/\/azure.milexia.com\/products\/productos","title":{"rendered":"La gama m\u00e1s amplia y con el mejor valor"},"content":{"rendered":"<h2>Todos los <strong>Productos<\/strong><\/h2>\n<p>Visite nuestro directorio de productos para encontrar el componente o dispositivo exacto que est\u00e9 buscando. O tambi\u00e9n puede navegar por estas secciones para conocer mejor nuestras \u00e1reas de actuaci\u00f3n.<\/p>\n","protected":false},"excerpt":{"rendered":"<p>Todos los Productos Visite nuestro directorio de productos para encontrar el componente o dispositivo exacto que est\u00e9 buscando. O tambi\u00e9n puede navegar por estas secciones para conocer mejor nuestras \u00e1reas de actuaci\u00f3n.<\/p>\n","protected":false},"author":5,"featured_media":14149,"parent":0,"menu_order":20,"comment_status":"closed","ping_status":"closed","template":"page-templates\/page-products.php","meta":{"_acf_changed":false,"footnotes":""},"class_list":["post-12604","page","type-page","status-publish","has-post-thumbnail","hentry"],"acf":[],"yoast_head":"<!-- This site is optimized with the Yoast SEO Premium plugin v24.6 (Yoast SEO v27.2) - https:\/\/yoast.com\/product\/yoast-seo-premium-wordpress\/ -->\n<title>La gama m\u00e1s amplia y con el mejor valor | Milexia Products<\/title>\n<meta name=\"robots\" content=\"noindex, follow, max-snippet:-1, max-image-preview:large, max-video-preview:-1\" \/>\n<meta property=\"og:locale\" content=\"en_GB\" \/>\n<meta property=\"og:type\" content=\"article\" \/>\n<meta property=\"og:title\" content=\"La gama m\u00e1s amplia y con el mejor valor\" \/>\n<meta property=\"og:description\" content=\"Todos los Productos Visite nuestro directorio de productos para encontrar el componente o dispositivo exacto que est\u00e9 buscando. O tambi\u00e9n puede navegar por estas secciones para conocer mejor nuestras \u00e1reas de actuaci\u00f3n.\" \/>\n<meta property=\"og:url\" content=\"https:\/\/azure.milexia.com\/products\/productos\" \/>\n<meta property=\"og:site_name\" content=\"Milexia Products\" \/>\n<meta property=\"article:modified_time\" content=\"2025-07-23T12:29:35+00:00\" \/>\n<meta property=\"og:image\" content=\"https:\/\/azure.milexia.com\/wp-content\/uploads\/sites\/7\/2022\/05\/product-background-pattern.jpg\" \/>\n\t<meta property=\"og:image:width\" content=\"2560\" \/>\n\t<meta property=\"og:image:height\" content=\"955\" \/>\n\t<meta property=\"og:image:type\" content=\"image\/jpeg\" \/>\n<meta name=\"twitter:card\" content=\"summary_large_image\" \/>\n<meta name=\"twitter:site\" content=\"@MilexiaGroup\" \/>\n<meta name=\"twitter:label1\" content=\"Estimated reading time\" \/>\n\t<meta name=\"twitter:data1\" content=\"1 minute\" \/>\n<script type=\"application\/ld+json\" class=\"yoast-schema-graph\">{\"@context\":\"https:\/\/schema.org\",\"@graph\":[{\"@type\":\"WebPage\",\"@id\":\"https:\/\/azure.milexia.com\/products\/productos\",\"url\":\"https:\/\/azure.milexia.com\/products\/productos\",\"name\":\"La gama m\u00e1s amplia y con el mejor valor | Milexia Products\",\"isPartOf\":{\"@id\":\"https:\/\/azure.milexia.com\/products\/#website\"},\"primaryImageOfPage\":{\"@id\":\"https:\/\/azure.milexia.com\/products\/productos#primaryimage\"},\"image\":{\"@id\":\"https:\/\/azure.milexia.com\/products\/productos#primaryimage\"},\"thumbnailUrl\":\"\/wp-content\/uploads\/sites\/7\/2022\/05\/product-background-pattern.jpg\",\"datePublished\":\"2022-03-04T16:58:25+00:00\",\"dateModified\":\"2025-07-23T12:29:35+00:00\",\"breadcrumb\":{\"@id\":\"https:\/\/azure.milexia.com\/products\/productos#breadcrumb\"},\"inLanguage\":\"en-GB\",\"potentialAction\":[{\"@type\":\"ReadAction\",\"target\":[\"https:\/\/azure.milexia.com\/products\/productos\"]}]},{\"@type\":\"ImageObject\",\"inLanguage\":\"en-GB\",\"@id\":\"https:\/\/azure.milexia.com\/products\/productos#primaryimage\",\"url\":\"\/wp-content\/uploads\/sites\/7\/2022\/05\/product-background-pattern.jpg\",\"contentUrl\":\"\/wp-content\/uploads\/sites\/7\/2022\/05\/product-background-pattern.jpg\",\"width\":2560,\"height\":955,\"caption\":\"Decorative Background used for single product pages\"},{\"@type\":\"BreadcrumbList\",\"@id\":\"https:\/\/azure.milexia.com\/products\/productos#breadcrumb\",\"itemListElement\":[{\"@type\":\"ListItem\",\"position\":1,\"name\":\"Acceuil\",\"item\":\"https:\/\/azure.milexia.com\/products\/\"},{\"@type\":\"ListItem\",\"position\":2,\"name\":\"La gama m\u00e1s amplia y con el mejor valor\"}]},{\"@type\":\"WebSite\",\"@id\":\"https:\/\/azure.milexia.com\/products\/#website\",\"url\":\"https:\/\/azure.milexia.com\/products\/\",\"name\":\"Milexia Products\",\"description\":\"Making access to technology easier\",\"publisher\":{\"@id\":\"https:\/\/azure.milexia.com\/products\/#organization\"},\"potentialAction\":[{\"@type\":\"SearchAction\",\"target\":{\"@type\":\"EntryPoint\",\"urlTemplate\":\"https:\/\/azure.milexia.com\/products\/?s={search_term_string}\"},\"query-input\":{\"@type\":\"PropertyValueSpecification\",\"valueRequired\":true,\"valueName\":\"search_term_string\"}}],\"inLanguage\":\"en-GB\"},{\"@type\":\"Organization\",\"@id\":\"https:\/\/azure.milexia.com\/products\/#organization\",\"name\":\"Milexia Products\",\"url\":\"https:\/\/azure.milexia.com\/products\/\",\"logo\":{\"@type\":\"ImageObject\",\"inLanguage\":\"en-GB\",\"@id\":\"https:\/\/azure.milexia.com\/products\/#\/schema\/logo\/image\/\",\"url\":\"https:\/\/milexia.com\/products\/wp-content\/uploads\/sites\/7\/2022\/10\/logo.svg\",\"contentUrl\":\"https:\/\/milexia.com\/products\/wp-content\/uploads\/sites\/7\/2022\/10\/logo.svg\",\"width\":1,\"height\":1,\"caption\":\"Milexia Products\"},\"image\":{\"@id\":\"https:\/\/azure.milexia.com\/products\/#\/schema\/logo\/image\/\"},\"sameAs\":[\"https:\/\/x.com\/MilexiaGroup\",\"https:\/\/www.linkedin.com\/company\/milexia\/\"]}]}<\/script>\n<!-- \/ Yoast SEO Premium plugin. -->","yoast_head_json":{"title":"La gama m\u00e1s amplia y con el mejor valor | Milexia Products","robots":{"index":"noindex","follow":"follow","max-snippet":"max-snippet:-1","max-image-preview":"max-image-preview:large","max-video-preview":"max-video-preview:-1"},"og_locale":"en_GB","og_type":"article","og_title":"La gama m\u00e1s amplia y con el mejor valor","og_description":"Todos los Productos Visite nuestro directorio de productos para encontrar el componente o dispositivo exacto que est\u00e9 buscando. O tambi\u00e9n puede navegar por estas secciones para conocer mejor nuestras \u00e1reas de actuaci\u00f3n.","og_url":"https:\/\/azure.milexia.com\/products\/productos","og_site_name":"Milexia Products","article_modified_time":"2025-07-23T12:29:35+00:00","og_image":[{"width":2560,"height":955,"url":"https:\/\/azure.milexia.com\/wp-content\/uploads\/sites\/7\/2022\/05\/product-background-pattern.jpg","type":"image\/jpeg"}],"twitter_card":"summary_large_image","twitter_site":"@MilexiaGroup","twitter_misc":{"Estimated reading time":"1 minute"},"schema":{"@context":"https:\/\/schema.org","@graph":[{"@type":"WebPage","@id":"https:\/\/azure.milexia.com\/products\/productos","url":"https:\/\/azure.milexia.com\/products\/productos","name":"La gama m\u00e1s amplia y con el mejor valor | Milexia Products","isPartOf":{"@id":"https:\/\/azure.milexia.com\/products\/#website"},"primaryImageOfPage":{"@id":"https:\/\/azure.milexia.com\/products\/productos#primaryimage"},"image":{"@id":"https:\/\/azure.milexia.com\/products\/productos#primaryimage"},"thumbnailUrl":"\/wp-content\/uploads\/sites\/7\/2022\/05\/product-background-pattern.jpg","datePublished":"2022-03-04T16:58:25+00:00","dateModified":"2025-07-23T12:29:35+00:00","breadcrumb":{"@id":"https:\/\/azure.milexia.com\/products\/productos#breadcrumb"},"inLanguage":"en-GB","potentialAction":[{"@type":"ReadAction","target":["https:\/\/azure.milexia.com\/products\/productos"]}]},{"@type":"ImageObject","inLanguage":"en-GB","@id":"https:\/\/azure.milexia.com\/products\/productos#primaryimage","url":"\/wp-content\/uploads\/sites\/7\/2022\/05\/product-background-pattern.jpg","contentUrl":"\/wp-content\/uploads\/sites\/7\/2022\/05\/product-background-pattern.jpg","width":2560,"height":955,"caption":"Decorative Background used for single product pages"},{"@type":"BreadcrumbList","@id":"https:\/\/azure.milexia.com\/products\/productos#breadcrumb","itemListElement":[{"@type":"ListItem","position":1,"name":"Acceuil","item":"https:\/\/azure.milexia.com\/products\/"},{"@type":"ListItem","position":2,"name":"La gama m\u00e1s amplia y con el mejor valor"}]},{"@type":"WebSite","@id":"https:\/\/azure.milexia.com\/products\/#website","url":"https:\/\/azure.milexia.com\/products\/","name":"Milexia Products","description":"Making access to technology easier","publisher":{"@id":"https:\/\/azure.milexia.com\/products\/#organization"},"potentialAction":[{"@type":"SearchAction","target":{"@type":"EntryPoint","urlTemplate":"https:\/\/azure.milexia.com\/products\/?s={search_term_string}"},"query-input":{"@type":"PropertyValueSpecification","valueRequired":true,"valueName":"search_term_string"}}],"inLanguage":"en-GB"},{"@type":"Organization","@id":"https:\/\/azure.milexia.com\/products\/#organization","name":"Milexia Products","url":"https:\/\/azure.milexia.com\/products\/","logo":{"@type":"ImageObject","inLanguage":"en-GB","@id":"https:\/\/azure.milexia.com\/products\/#\/schema\/logo\/image\/","url":"https:\/\/milexia.com\/products\/wp-content\/uploads\/sites\/7\/2022\/10\/logo.svg","contentUrl":"https:\/\/milexia.com\/products\/wp-content\/uploads\/sites\/7\/2022\/10\/logo.svg","width":1,"height":1,"caption":"Milexia Products"},"image":{"@id":"https:\/\/azure.milexia.com\/products\/#\/schema\/logo\/image\/"},"sameAs":["https:\/\/x.com\/MilexiaGroup","https:\/\/www.linkedin.com\/company\/milexia\/"]}]}},"lang":"es","translations":{"es":12604,"fr":12602,"en":12600,"de":12606,"it":12608},"pll_sync_post":[],"_links":{"self":[{"href":"https:\/\/azure.milexia.com\/products\/wp-json\/wp\/v2\/pages\/12604","targetHints":{"allow":["GET"]}}],"collection":[{"href":"https:\/\/azure.milexia.com\/products\/wp-json\/wp\/v2\/pages"}],"about":[{"href":"https:\/\/azure.milexia.com\/products\/wp-json\/wp\/v2\/types\/page"}],"author":[{"embeddable":true,"href":"https:\/\/azure.milexia.com\/products\/wp-json\/wp\/v2\/users\/5"}],"replies":[{"embeddable":true,"href":"https:\/\/azure.milexia.com\/products\/wp-json\/wp\/v2\/comments?post=12604"}],"version-history":[{"count":0,"href":"https:\/\/azure.milexia.com\/products\/wp-json\/wp\/v2\/pages\/12604\/revisions"}],"wp:featuredmedia":[{"embeddable":true,"href":"https:\/\/azure.milexia.com\/products\/wp-json\/wp\/v2\/media\/14149"}],"wp:attachment":[{"href":"https:\/\/azure.milexia.com\/products\/wp-json\/wp\/v2\/media?parent=12604"}],"curies":[{"name":"wp","href":"https:\/\/api.w.org\/{rel}","templated":true}]}}